
Suppose -5*y + 18 = -y + p, -5*p = -2*y - 2. Suppose -4*w + 0*f + 3*f = -1528, 3*f = -y*w + 1504. List the prime factors of w.
379
Let d be -10*(-10)/900 + -1 + (-80)/(-9). Let n(m) be the first derivative of 2*m**2 - 6*m - 1. What are the prime factors of n(d)?
2, 13
Let j = 124 - 120. Suppose j*p = 2*b - 26370, 52740 = -b + 5*b + 5*p. List the prime factors of b/63 - (2 + 24/(-14)).
11, 19
Let i(q) be the third derivative of 11/60*q**5 - 5/6*q**4 + 0*q + 0 - 3*q**3 - 5*q**2 + 1/120*q**6. List the prime factors of i(-12).
2, 3, 13
Suppose -4*a + 5*h + 6461 = 0, -3*a - 2*h + 5944 - 1104 = 0. Let m = a - 514. Suppose 14*w = 3*w + m. List the prime factors of w.
2, 5
Suppose 1053360 = 31*a + 22*a - 8*a. What are the prime factors of a?
2, 7, 11, 19
Let c be ((-3)/24*-538)/((-3)/24). Let p = -88 - c. What are the prime factors of p?
2, 3, 5
Suppose 0 = 4*g + 28 - 44. Let c(u) = u**3 - 15*u**2 + 15*u - 12. Let v be c(14). Suppose 0*t - 730 = -g*r - 2*t, 5*r + v*t = 914. List the prime factors of r.
2, 23
Suppose -t - 13861 = 5*a - 94249, -4*a - 4*t = -64304. What are the prime factors of a?
2, 8039
Let f = -228 - -346. Let q = -62 + f. Suppose 0 = 10*u - 9*u - q. What are the prime factors of u?
2, 7
Suppose -7*h - 24*h + 87978 = -9*h. What are the prime factors of h?
3, 31, 43
Suppose -9*o + 12 = -12*o, -4*j + 26348 = -4*o. List the prime factors of j.
29, 227
Suppose -8*n + 9*n = -4. List the prime factors of ((-182)/n)/(5/10).
7, 13
Let s(p) = p**2 - 15*p + 3. Suppose 0 = 13*d - 122 + 720. Let j = d + 61. List the prime factors of s(j).
3
Let j(c) = 18*c - 25. Let y be j(12). Suppose 0 = 2*t - t - 38. Let l = y - t. What are the prime factors of l?
3, 17
Suppose 26*g = 79*g - 1633354. What are the prime factors of g?
2, 19, 811
Suppose 97440 = -11*i - 22*i + 41*i. List the prime factors of i.
2, 3, 5, 7, 29
Suppose 4*o = 2*i - 6*i, -2*i + 2*o - 4 = 0. Let v(w) = -2*w + 1. Let f(g) = 14*g - 10. Let u(d) = i*f(d) + 8*v(d). List the prime factors of u(-6).
2, 3, 11
Suppose 0 = -n - 3*t + 2881 + 1343, 5*t = 5*n - 21120. What are the prime factors of n?
2, 3, 11
Let m(d) = 17*d**2 - 13*d - 12. Let p = -266 + 272. What are the prime factors of m(p)?
2, 3, 29
Let j be 1*-2 - -1 - (-48 + 59). What are the prime factors of j/16 - (3078/(-8) + -1)?
5, 7, 11
Suppose 0 = s + 6*i - 2*i - 12, 5*i - 45 = -5*s. Suppose 88 = -s*h + 1464. What are the prime factors of 1/4*4 - h/(-2)?
3, 29
Suppose 2*y - 27 = 5*w, -w + 20 = 3*y + 5. Let j(q) = 11*q + 22. What are the prime factors of j(y)?
2, 11
Let r = -34 + 34. Suppose r = -2*p, -3*l + 11 + 7 = -5*p. Suppose l*c - 5*c = 23. List the prime factors of c.
23
Let i = -112422 - -177553. What are the prime factors of i?
11, 31, 191
Let n(h) = 5*h - 99. Let s be n(0). Let p = 500 - 227. Let i = s + p. List the prime factors of i.
2, 3, 29
Let f(w) = -w**3 - 6*w**2 + 5*w - 10. Let l be f(-7). Suppose n = -n + l. List the prime factors of (-35 - -115) + (-2)/(n*1).
79
Suppose -33 = -5*k + 7. Let x(g) = -g**3 + 5*g**2 + 10*g - 7. Let y be x(k). List the prime factors of ((-1938)/y)/((2/7)/2).
2, 3, 19
Let j be 40/14 - (-8)/56. Suppose t + t - 276 = -4*r, -j*r = -2*t + 241. What are the prime factors of t?
2
Let c(o) = -60*o - 115. Let b(p) = -12*p - 23. Let x be (2/(-5))/(2/10). Let s(r) = x*c(r) + 11*b(r). What are the prime factors of s(-10)?
97
Let l(g) = -g - 1. Let a be l(-5). Let b(f) = f - 12*f - 13*f - 26*f + a. List the prime factors of b(-2).
2, 13
Let l be 63677/25 + (-50)/625. Let p = l + -779. List the prime factors of p.
2, 13, 17
Let w(k) = k**3 + 7*k**2 + 10*k + 1. Let r be -8 - ((-65)/15 - (-2)/6). Let n be w(r). Suppose -965 = -14*f + n*f. What are the prime factors of f?
193
List the prime factors of 3/(-2) + (6 - 136829/(-14)).
2, 4889
Suppose 8 = 2*j + 2*d, -8*j + 21 = -4*j - d. Suppose 0 = j*f - g - 3073 - 347, 3*f - 2*g = 2052. List the prime factors of f.
2, 3, 19
Let q = 21789 - 13959. Suppose 44*w + q = 53*w. List the prime factors of w.
2, 3, 5, 29
Let z(r) = -r**2 + 8*r - 11. Let h be z(17). Let c = -102 - h. What are the prime factors of c?
2, 31
Suppose 49 = 4*g - 0*g - 3*b, 0 = 4*g - 5*b - 39. Suppose 2*m = 5*t + 1370, -11*m + 3*t - 3394 = -g*m. What are the prime factors of m?
2, 5, 17
Suppose 0 = -4*l + l + u - 3, 0 = -3*l - 3*u + 9. Suppose 37*f - 7662 - 3845 = l. What are the prime factors of f?
311
Let f(o) = -5*o**2 - 2*o - 5. Let l(m) = m**2 - m + 1. Let a(k) = -f(k) + 4*l(k). Suppose 0 = -3*y - 3, -4*w + 17 = w - 2*y. List the prime factors of a(w).
2, 3, 7
Suppose -12*t = 8*t - 11560. What are the prime factors of -4 + t + 0 + -2?
2, 11, 13
Suppose 7*l - 9*l = 2*f + 2216, 5*f - 4*l = -5567. Let x = 401 - f. What are the prime factors of x?
2, 3, 7
Suppose -2*l = 13*i - 9*i - 4724, -l + 5*i + 2362 = 0. Suppose -l = -4*r + 5*j, 2*r - 814 - 366 = 3*j. What are the prime factors of r?
593
Suppose 0 = 2*x + 4*n - 10896, 9*n = 5*x + 8*n - 27295. What are the prime factors of x?
2, 2729
What are the prime factors of (68765/3)/((-740)/(-444))?
17, 809
Suppose 65*b - 2*v + 226 = 62*b, 4*v - 300 = 4*b. Let g = 424 - b. What are the prime factors of g?
2, 5
Let m(f) = -f + 1. Let g(y) = 576*y**3 + 4*y - 5. Let z(j) = g(j) + 3*m(j). Let d be z(1). Suppose d = -31*p + 36*p. What are the prime factors of p?
5, 23
Suppose 0 = 10*c - 44 - 16. List the prime factors of c/39 - (-44140)/52.
3, 283
Let v(u) = -509*u + 31. Let x(c) = 1525*c - 95. Let g(l) = 17*v(l) + 6*x(l). What are the prime factors of g(2)?
3, 317
List the prime factors of 4908 + 0*(-11)/(-154).
2, 3, 409
Suppose -4*d - c = -2*d - 5, -2*c = -4*d + 6. Suppose -3*j - d*u = -2865, -j + 336 = -3*u - 619. List the prime factors of j.
5, 191
Suppose 4*b + 5*l = 187140, 4*b - 5*l + 1846 = 189026. List the prime factors of b.
2, 5, 4679
Let b = 872 - 858. Let w(p) = -9*p + p + 29 + 2*p**2 - 9*p. What are the prime factors of w(b)?
3, 61
Suppose 0*z = x - 3*z + 36, -5*z = 4*x + 59. Let f = x + 14. What are the prime factors of 2/f + (-4720)/(-56)?
2, 3, 7
Let v(s) = 8*s**2 + 195*s + 123. List the prime factors of v(-48).
3, 5, 613
Let t be 4/((-432)/88 + 5). What are the prime factors of (t/20)/1*70?
2, 7, 11
Let m = -30 - -10. Let b = 70 - m. Suppose -7*l = -9*l + b. List the prime factors of l.
3, 5
Let i(p) = 46*p - 12. Suppose 11*f + 13 = 68. Let h be i(f). Suppose 0 = 4*t + h - 622. What are the prime factors of t?
101
Let x(m) = 10*m**3 - 15*m**2 - 6*m - 19. Let b be x(11). Suppose -b = 36*u - 43*u. What are the prime factors of u?
2, 5, 163
Let d be 8/24 + 14/(-6). List the prime factors of d + 13 + -7 - -1257.
13, 97
Let z(u) = 8*u - 28. Let c be z(9). Suppose -2*f = 2*f - c. Suppose -15*r = -f*r - 656. List the prime factors of r.
2, 41
Let m = -96 - 14. Let v = m + 243. What are the prime factors of v?
7, 19
Suppose 2*s - 4*s + t + 11509 = 0, -6 = 2*t. List the prime factors of s.
11, 523
Let n = -84 - -363. Let f = n - 166. Suppose 2*o - f = 101. What are the prime factors of o?
107
Suppose -10*c - 40*c + 418886 = 51986. What are the prime factors of c?
2, 3, 1223
Let y(k) = 183*k - 13. Let f be y(-1). List the prime factors of (300/(-35))/(8/f).
2, 3, 5, 7
Let j(b) = b**3 - 9*b**2 + 14*b + 9. Let q be j(7). Let y(t) = -2 + 267*t - q - 253*t. What are the prime factors of y(18)?
241
Suppose -3*k - 1140 = -6*k - 3*j, k = 2*j + 383. Let y = -341 + k. What are the prime factors of y?
2, 5
Let p(f) = -3*f**2 - 60*f - 30. Let w be p(-26). Let j = -286 - w. What are the prime factors of j?
2, 53
Suppose 2*w - 4*p = 142, 0 = 4*w - p + 3*p - 244. What are the prime factors of (0/3 - w)*(-318)/18?
3, 7, 53
Suppose 259 = 49*l - 42*l. Suppose -46*q + l*q = -2394. List the prime factors of q.
2, 7, 19
Suppose 5*f = -p + 151220, p - 90734 = -113*f + 110*f. List the prime factors of f.
3, 17, 593
Suppose -229870 = -3*w - 99*w + 516974. List the prime factors of w.
2, 7, 523
Suppose -26116 = -i + 6*h, -4*i = h - 146859 + 42420. What are the prime factors of i?
2, 5, 7, 373
Suppose -a + 444 = 440. Suppose -o - 2630 = -4*o + b, 0 = o + a*b - 855. List the prime factors of o.
5, 7
Let q(y) be the first derivative of y**3 + 3*y**2/2 - 4*y - 24. Let f be q(2). Suppose -11*m + f*m = 525. List the prime factors of m.
5, 7
Let b(q) = -117*q**3 - 5